{"id":54,"date":"2017-12-03T19:49:48","date_gmt":"2017-12-03T18:49:48","guid":{"rendered":"http:\/\/evaeuwe.com\/?page_id=54"},"modified":"2026-03-11T20:59:16","modified_gmt":"2026-03-11T19:59:16","slug":"concerts","status":"publish","type":"page","link":"https:\/\/evaeuwe.com\/?page_id=54","title":{"rendered":"Concerts 2025\/2026"},"content":{"rendered":"\n<div class=\"wp-block-columns has-2-columns is-layout-flex wp-container-core-columns-layout-1 wp-block-columns-is-layout-flex\">\n<div class=\"wp-block-column is-layout-flow wp-block-column-is-layout-flow\">\n<p><strong>Upcoming<\/strong><\/p>\n\n\n\n<p>March 14 | Main Barockorchester <br>Bach &#8211; Johannes Passion <br> Lutherische Pfarrkirche, Marburg <\/p>\n\n\n\n<p>March 21 &amp; 22 | Klassische Philharmonie, Kammerchor Stuttgart, F. Bernius <br><a href=\"https:\/\/musikpodium.de\/veranstaltungen\" data-type=\"link\" data-id=\"https:\/\/musikpodium.de\/veranstaltungen\">Mendelssohn &#8211; Paulus <\/a><br>Stadtkirche, Calw <br>Friedenskirche, Ludwigsburg <\/p>\n\n\n\n<p>March 28 &amp; 29 | Concerto K\u00f6ln, NDR Vokalensemble <br><a href=\"https:\/\/www.ndr.de\/orchester_chor\/alle-konzerte-im-ueberblick,konzertkalender-100.html?brand=ndrchor\" data-type=\"link\" data-id=\"https:\/\/www.ndr.de\/orchester_chor\/alle-konzerte-im-ueberblick,konzertkalender-100.html?brand=ndrchor\">Bach &#8211; Johannes Passion <\/a><br>Elbphilharmonie, Hamburg <br>Schloss, Kiel <\/p>\n\n\n\n<p>April 3 | Main Barockorchester <br>Bach &#8211; Johannes Passion<br>Morizkirche, Coburg <\/p>\n\n\n\n<p>April 11 | Concerto K\u00f6ln <br>&#8220;<a href=\"https:\/\/leidseschouwburg-stadsgehoorzaal.nl\/voorstelling\/concerto-koln-der-club-der-toten-dichter\/\" data-type=\"link\" data-id=\"https:\/\/leidseschouwburg-stadsgehoorzaal.nl\/voorstelling\/concerto-koln-der-club-der-toten-dichter\/\">Der Club der Toten Dichter&#8221;, Christina van Zweden\u2019s Accademia dell\u2019Arcadia <\/a><br>Stadsgehoorzaal, Leiden (NL) <\/p>\n\n\n\n<p>April 23 | Barockorchester Stuttgart, Kammerchor Stuttgart, F. Bernius <br><a href=\"https:\/\/musikpodium.de\/veranstaltungen\" data-type=\"link\" data-id=\"https:\/\/musikpodium.de\/veranstaltungen\">Opening concert at &#8220;Festival Stuttgart Barock 2026&#8221; <\/a><br>Leonhardskirche, Stuttgart<br><br>May 2 &#8211; 3 | <a href=\"https:\/\/www.trigonale.com\/\">trigonale festival der alten musik<\/a><br>Details t.b.a. <\/p>\n\n\n\n<p>May 8, 10 &amp; 17 | <a href=\"https:\/\/nuernberg-barock.de\/kalender-2\/\">N\u00fcrnberg Barock<\/a><br>&#8220;The musical traveller&#8221; <br>Kirche St. Martha, Nuremberg<br>Kloster Speinshart<br>Kirche St. Matth\u00e4us, Heroldsberg <\/p>\n\n\n\n<p>May 16 | <a href=\"https:\/\/nuernberg-barock.de\/kalender-2\/\">N\u00fcrnberg Barock<\/a><br>&#8220;Orpheus Underground&#8221; with Kostia Rapoport, Sascha Tuxhorn und Samuel Mari\u00f1o, at Gluck Festspiele. <br>Kulturforum, F\u00fcrth <\/p>\n\n\n\n<p>May 25 | Ensemble Altera Pars <br>at<a href=\"https:\/\/www.tagealtermusik-regensburg.de\/programm\/konzerte\/detailansicht?tx_koquprogramm_koquprogramm%5Baction%5D=show&amp;tx_koquprogramm_koquprogramm%5Bcontroller%5D=Programmpunkt&amp;tx_koquprogramm_koquprogramm%5Bprogrammpunkt%5D=20&amp;cHash=9b73fa7405897bc32cbb43ee28ac5a9b\"> Tage Alter Musik Regensburg<\/a> <br>Niederm\u00fcnsterkirche, Regensburg<\/p>\n\n\n\n<p>June 12 | Concerto K\u00f6ln <br>\u201eBach versus Scheibe\u201c <br>at <a href=\"https:\/\/www.bachfestleipzig.de\/en\/bachfest\/no-18-bach-versus-scheibe\">Bachfest Leipzig<\/a><br>Paulinum, Leipzig <\/p>\n\n\n\n<p>June 15 | <a href=\"https:\/\/www.ensemblealmanach.com\/kalender\/\">Ensemble Almanach<br>\u201eGipfeltreffen\u201c <\/a><br>LWL Museum M\u00fcnster   <\/p>\n\n\n\n<p><br> <\/p>\n<\/div>\n\n\n\n<div class=\"wp-block-column is-layout-flow wp-block-column-is-layout-flow\">\n<p class=\"has-cyan-bluish-gray-color has-text-color has-link-color wp-elements-5147a83f302ebc337d678d1098e12ebe\">Past<\/p>\n\n\n\n<p>March 1 | Concerto K\u00f6ln <br>&#8220;<a href=\"https:\/\/www.koelner-philharmonie.de\/de\/konzerte\/erik-bosgraaf-concerto-koln\/4632\" data-type=\"link\" data-id=\"https:\/\/www.koelner-philharmonie.de\/de\/konzerte\/erik-bosgraaf-concerto-koln\/4632\">Bridges&#8221; with Erik Bosgraaf<\/a><br>Philharmonie, Cologne <\/p>\n\n\n\n<p>Feb 1 | Concerto Ispirato, Voktett Hannover <br>&#8220;<a href=\"https:\/\/herrenhaeuser-gaerten.hannover.de\/Veranstaltungen\/Aktuelle-Veranstaltungen\/Herrenhausen-Barock\/Programm\/Mehrch%C3%B6rige-Musik-aus-Venedig-Rom\" data-type=\"link\" data-id=\"https:\/\/herrenhaeuser-gaerten.hannover.de\/Veranstaltungen\/Aktuelle-Veranstaltungen\/Herrenhausen-Barock\/Programm\/Mehrch%C3%B6rige-Musik-aus-Venedig-Rom\">mehrch\u00f6rige musik aus venedig and rom&#8221; at Herrenhausen Barock <\/a><br>Herrenh\u00e4user Kirche, Hannover<\/p>\n\n\n\n<p>Dec 12 &#8211; 14 | Barockorchester &amp; <a href=\"https:\/\/musikpodium.de\/index.php\/de\/\">Kammerchor Stuttgart \/ F. Berniu<\/a>s<br>JS Bach &#8211; Christmas Oratorio  <br>CPhE Bach &#8211; Magnificat <br>St. Elisabeth, Ulm <br>Liederhalle, Stuttgart <br>Kulturzentrum Oberschwaben, Weingarten<\/p>\n\n\n\n<p>Nov 20, 22 &amp; 23 | <a href=\"https:\/\/www.concerto-koeln.de\/calender.html\">Concerto K\u00f6ln <\/a><br>\u201eWe celebrate\u201c Scarlatti<br>B\u00fcrgerzentrum Schladern<br>kunsthaus Troisdorf <br>Konviktkapelle, Bad M\u00fcnstereifel<br><br>Nov 9 | <a href=\"https:\/\/www.main-barockorchester.de\/konzerte\">Main Barockorchester <\/a><br>H\u00e4ndel &#8211; The Messiah<br>Elisabethkirche, Marburg<\/p>\n\n\n\n<p>Oct 31 | <a href=\"https:\/\/www.trigonale.com\/\">trigonale festival der alten musik<\/a><br>&#8220;MIT FRIED UND FREUD ICH FAHR DAHIN&#8221;<br>JS Bach und Telemann <br>Rathaus St. Veit\/Glan (AT)<br><br>Oct 26 &amp; Nov 1 &#8211; 2 | <a href=\"https:\/\/www.ensemble-altera-pars.de\/en\/concerts\/\">Ensemble Altera pars<\/a><br>&#8220;Great symphonies &#8211; small ensemble, Beethoven &amp; W\u00f6lfl&#8221; <br>Ev. Kirche Honrath, Lohmar Friedenskapelle, M\u00fcnster <br>die Zitadelle J\u00fclich<br><br>Oct 18 &amp; 19 | <a href=\"https:\/\/nuernberg-barock.de\/\">N\u00fcrnberg Barock<\/a> <br>+ Sonoris Vokalensemble <br>St. Martin Forchheim <br>Herz-Jesu-Kirche Nuremberg <br><br>Oct 4 &amp; 5 | <a href=\"https:\/\/www.ensemblealmanach.com\/\">Ensemble Almanach<\/a><br>&#8220;Sch\u00f6nheit und Staatsversagen&#8221; <br>CD Release Concert<br>Obermaier, Trudering <br>Kirche St. Klara, Nuremberg<\/p>\n\n\n\n<p class=\"has-cyan-bluish-gray-color has-text-color has-link-color wp-elements-6c5da5ad5c0c7d23114e2fd94063cc6c\"><\/p>\n\n\n\n<p><\/p>\n\n\n\n<p><\/p>\n\n\n\n<p><\/p>\n\n\n\n<p><\/p>\n\n\n\n<p><\/p>\n\n\n\n<p><\/p>\n\n\n\n<p><\/p>\n\n\n\n<p><\/p>\n\n\n\n<p><\/p>\n\n\n\n<p><\/p>\n\n\n\n<p><\/p>\n\n\n\n\n<\/div>\n<\/div>\n","protected":false},"excerpt":{"rendered":"<p>Upcoming March 14 | Main Barockorchester Bach &#8211; Johannes Passion Lutherische Pfarrkirche, Marburg March 21 &amp; 22 | Klassische Philharmonie, Kammerchor Stuttgart, F. Bernius Mendelssohn &#8211; Paulus Stadtkirche, Calw Friedenskirche, Ludwigsburg March 28 &amp; 29 | Concerto K\u00f6ln, NDR Vokalensemble Bach &#8211; Johannes Passion Elbphilharmonie, Hamburg Schloss, Kiel April 3 | Main Barockorchester Bach &#8211; &hellip; <\/p>\n<p class=\"link-more\"><a href=\"https:\/\/evaeuwe.com\/?page_id=54\" class=\"more-link\">Continue reading<span class=\"screen-reader-text\"> &#8220;Concerts 2025\/2026&#8221;<\/span><\/a><\/p>\n","protected":false},"author":1,"featured_media":0,"parent":0,"menu_order":0,"comment_status":"closed","ping_status":"closed","template":"","meta":{"footnotes":""},"_links":{"self":[{"href":"https:\/\/evaeuwe.com\/index.php?rest_route=\/wp\/v2\/pages\/54"}],"collection":[{"href":"https:\/\/evaeuwe.com\/index.php?rest_route=\/wp\/v2\/pages"}],"about":[{"href":"https:\/\/evaeuwe.com\/index.php?rest_route=\/wp\/v2\/types\/page"}],"author":[{"embeddable":true,"href":"https:\/\/evaeuwe.com\/index.php?rest_route=\/wp\/v2\/users\/1"}],"replies":[{"embeddable":true,"href":"https:\/\/evaeuwe.com\/index.php?rest_route=%2Fwp%2Fv2%2Fcomments&post=54"}],"version-history":[{"count":287,"href":"https:\/\/evaeuwe.com\/index.php?rest_route=\/wp\/v2\/pages\/54\/revisions"}],"predecessor-version":[{"id":1022,"href":"https:\/\/evaeuwe.com\/index.php?rest_route=\/wp\/v2\/pages\/54\/revisions\/1022"}],"wp:attachment":[{"href":"https:\/\/evaeuwe.com\/index.php?rest_route=%2Fwp%2Fv2%2Fmedia&parent=54"}],"curies":[{"name":"wp","href":"https:\/\/api.w.org\/{rel}","templated":true}]}}

<div class="wp-block-columns has-2-columns is-layout-flex wp-container-core-columns-layout-1 wp-block-columns-is-layout-flex">
<div class="wp-block-column is-layout-flow wp-block-column-is-layout-flow">
<p><strong>Upcoming</strong></p>



<p>March 14 | Main Barockorchester <br>Bach &#8211; Johannes Passion <br> Lutherische Pfarrkirche, Marburg </p>



<p>March 21 &amp; 22 | Klassische Philharmonie, Kammerchor Stuttgart, F. Bernius <br><a href="https://musikpodium.de/veranstaltungen" data-type="link" data-id="https://musikpodium.de/veranstaltungen">Mendelssohn &#8211; Paulus </a><br>Stadtkirche, Calw <br>Friedenskirche, Ludwigsburg </p>



<p>March 28 &amp; 29 | Concerto Köln, NDR Vokalensemble <br><a href="https://www.ndr.de/orchester_chor/alle-konzerte-im-ueberblick,konzertkalender-100.html?brand=ndrchor" data-type="link" data-id="https://www.ndr.de/orchester_chor/alle-konzerte-im-ueberblick,konzertkalender-100.html?brand=ndrchor">Bach &#8211; Johannes Passion </a><br>Elbphilharmonie, Hamburg <br>Schloss, Kiel </p>



<p>April 3 | Main Barockorchester <br>Bach &#8211; Johannes Passion<br>Morizkirche, Coburg </p>



<p>April 11 | Concerto Köln <br>&#8220;<a href="https://leidseschouwburg-stadsgehoorzaal.nl/voorstelling/concerto-koln-der-club-der-toten-dichter/" data-type="link" data-id="https://leidseschouwburg-stadsgehoorzaal.nl/voorstelling/concerto-koln-der-club-der-toten-dichter/">Der Club der Toten Dichter&#8221;, Christina van Zweden’s Accademia dell’Arcadia </a><br>Stadsgehoorzaal, Leiden (NL) </p>



<p>April 23 | Barockorchester Stuttgart, Kammerchor Stuttgart, F. Bernius <br><a href="https://musikpodium.de/veranstaltungen" data-type="link" data-id="https://musikpodium.de/veranstaltungen">Opening concert at &#8220;Festival Stuttgart Barock 2026&#8221; </a><br>Leonhardskirche, Stuttgart<br><br>May 2 &#8211; 3 | <a href="https://www.trigonale.com/">trigonale festival der alten musik</a><br>Details t.b.a. </p>



<p>May 8, 10 &amp; 17 | <a href="https://nuernberg-barock.de/kalender-2/">Nürnberg Barock</a><br>&#8220;The musical traveller&#8221; <br>Kirche St. Martha, Nuremberg<br>Kloster Speinshart<br>Kirche St. Matthäus, Heroldsberg </p>



<p>May 16 | <a href="https://nuernberg-barock.de/kalender-2/">Nürnberg Barock</a><br>&#8220;Orpheus Underground&#8221; with Kostia Rapoport, Sascha Tuxhorn und Samuel Mariño, at Gluck Festspiele. <br>Kulturforum, Fürth </p>



<p>May 25 | Ensemble Altera Pars <br>at<a href="https://www.tagealtermusik-regensburg.de/programm/konzerte/detailansicht?tx_koquprogramm_koquprogramm%5Baction%5D=show&amp;tx_koquprogramm_koquprogramm%5Bcontroller%5D=Programmpunkt&amp;tx_koquprogramm_koquprogramm%5Bprogrammpunkt%5D=20&amp;cHash=9b73fa7405897bc32cbb43ee28ac5a9b"> Tage Alter Musik Regensburg</a> <br>Niedermünsterkirche, Regensburg</p>



<p>June 12 | Concerto Köln <br>„Bach versus Scheibe“ <br>at <a href="https://www.bachfestleipzig.de/en/bachfest/no-18-bach-versus-scheibe">Bachfest Leipzig</a><br>Paulinum, Leipzig </p>



<p>June 15 | <a href="https://www.ensemblealmanach.com/kalender/">Ensemble Almanach<br>„Gipfeltreffen“ </a><br>LWL Museum Münster   </p>



<p><br> </p>
</div>



<div class="wp-block-column is-layout-flow wp-block-column-is-layout-flow">
<p class="has-cyan-bluish-gray-color has-text-color has-link-color wp-elements-5147a83f302ebc337d678d1098e12ebe">Past</p>



<p>March 1 | Concerto Köln <br>&#8220;<a href="https://www.koelner-philharmonie.de/de/konzerte/erik-bosgraaf-concerto-koln/4632" data-type="link" data-id="https://www.koelner-philharmonie.de/de/konzerte/erik-bosgraaf-concerto-koln/4632">Bridges&#8221; with Erik Bosgraaf</a><br>Philharmonie, Cologne </p>



<p>Feb 1 | Concerto Ispirato, Voktett Hannover <br>&#8220;<a href="https://herrenhaeuser-gaerten.hannover.de/Veranstaltungen/Aktuelle-Veranstaltungen/Herrenhausen-Barock/Programm/Mehrch%C3%B6rige-Musik-aus-Venedig-Rom" data-type="link" data-id="https://herrenhaeuser-gaerten.hannover.de/Veranstaltungen/Aktuelle-Veranstaltungen/Herrenhausen-Barock/Programm/Mehrch%C3%B6rige-Musik-aus-Venedig-Rom">mehrchörige musik aus venedig and rom&#8221; at Herrenhausen Barock </a><br>Herrenhäuser Kirche, Hannover</p>



<p>Dec 12 &#8211; 14 | Barockorchester &amp; <a href="https://musikpodium.de/index.php/de/">Kammerchor Stuttgart / F. Berniu</a>s<br>JS Bach &#8211; Christmas Oratorio  <br>CPhE Bach &#8211; Magnificat <br>St. Elisabeth, Ulm <br>Liederhalle, Stuttgart <br>Kulturzentrum Oberschwaben, Weingarten</p>



<p>Nov 20, 22 &amp; 23 | <a href="https://www.concerto-koeln.de/calender.html">Concerto Köln </a><br>„We celebrate“ Scarlatti<br>Bürgerzentrum Schladern<br>kunsthaus Troisdorf <br>Konviktkapelle, Bad Münstereifel<br><br>Nov 9 | <a href="https://www.main-barockorchester.de/konzerte">Main Barockorchester </a><br>Händel &#8211; The Messiah<br>Elisabethkirche, Marburg</p>



<p>Oct 31 | <a href="https://www.trigonale.com/">trigonale festival der alten musik</a><br>&#8220;MIT FRIED UND FREUD ICH FAHR DAHIN&#8221;<br>JS Bach und Telemann <br>Rathaus St. Veit/Glan (AT)<br><br>Oct 26 &amp; Nov 1 &#8211; 2 | <a href="https://www.ensemble-altera-pars.de/en/concerts/">Ensemble Altera pars</a><br>&#8220;Great symphonies &#8211; small ensemble, Beethoven &amp; Wölfl&#8221; <br>Ev. Kirche Honrath, Lohmar Friedenskapelle, Münster <br>die Zitadelle Jülich<br><br>Oct 18 &amp; 19 | <a href="https://nuernberg-barock.de/">Nürnberg Barock</a> <br>+ Sonoris Vokalensemble <br>St. Martin Forchheim <br>Herz-Jesu-Kirche Nuremberg <br><br>Oct 4 &amp; 5 | <a href="https://www.ensemblealmanach.com/">Ensemble Almanach</a><br>&#8220;Schönheit und Staatsversagen&#8221; <br>CD Release Concert<br>Obermaier, Trudering <br>Kirche St. Klara, Nuremberg</p>



<p class="has-cyan-bluish-gray-color has-text-color has-link-color wp-elements-6c5da5ad5c0c7d23114e2fd94063cc6c"></p>



<p></p>



<p></p>



<p></p>



<p></p>



<p></p>



<p></p>



<p></p>



<p></p>



<p></p>



<p></p>



<p></p>




</div>
</div>

<p>Upcoming March 14 | Main Barockorchester Bach &#8211; Johannes Passion Lutherische Pfarrkirche, Marburg March 21 &amp; 22 | Klassische Philharmonie, Kammerchor Stuttgart, F. Bernius Mendelssohn &#8211; Paulus Stadtkirche, Calw Friedenskirche, Ludwigsburg March 28 &amp; 29 | Concerto Köln, NDR Vokalensemble Bach &#8211; Johannes Passion Elbphilharmonie, Hamburg Schloss, Kiel April 3 | Main Barockorchester Bach &#8211; &hellip; </p>
<p class="link-more"><a href="https://evaeuwe.com/?page_id=54" class="more-link">Continue reading<span class="screen-reader-text"> &#8220;Concerts 2025/2026&#8221;</span></a></p>
